s 26 divide o?
False
Let s = -8 + -5. Let m = s + -12. Is ((-20)/25)/(1/m) a multiple of 8?
False
Let q(w) = -w**3 - 8*w**2 - 9*w - 9. Let o be q(-7). Suppose -o*h - 5*m = -5, 0 = -0*h + 3*h - 2*m - 18. Suppose -18 = 2*v - h*v. Is 6 a factor of v?
False
Let v(d) = 2*d - 6. Let l be v(12). Suppose 0 = 3*h + 3 - l. Suppose h*u - 205 + 11 = 3*s, -5*s = u - 50. Does 10 divide u?
True
Let i = -7 + 14. Suppose -3*y + i*y - 8 = 0. Is 2 a factor of y/(6/9) - -3?
True
Suppose -2*i - 24 = 2*i. Does 7 divide (-14)/(-1)*(12 - (11 + i))?
True
Let m(w) = -w**3 - 5*w**2 + 7*w + 14. Let u be m(-6). Suppose -u*i - 124 = -12*i. Is i a multiple of 4?
False
Let x(j) = -2*j + 16. Let k be x(-8). Let h = 52 + k. Is 7 a factor of h?
True
Is (-14031)/(-8) - 3*6/(-144) a multiple of 71?
False
Suppose -5*v + 1769 + 996 = 2*c, -v = -1. Is c a multiple of 30?
True
Suppose -746 = -s + 2*q, 5*s + 1695 = -3*q + 5438. Is s a multiple of 11?
True
Suppose -2*d = -3*j + 244, -4*d + 0 = 2*j - 152. Is 4 a factor of j?
True
Suppose 57*t - 83114 = 37099. Does 21 divide t?
False
Suppose 1848 = 2*j + 197*f - 201*f, -j + 5*f = -933. Does 17 divide j?
True
Let o(b) = -6*b + 40. Let j be o(7). Does 3 divide (6/(-12))/(j - 285/(-144))?
True
Let n(x) = -4*x**2 - 34*x - 12. Does 16 divide n(-6)?
True
Suppose 2*y + 168 = 1368. Does 25 divide y?
True
Suppose -3*r + 8*u = 10*u - 560, -2*u - 928 = -5*r. Does 8 divide r?
False
Let r(d) = d**2 + d + 1. Let u(f) = -4*f**2 - 14*f - 3. Let s be ((-12)/(-18))/(4/(-18)). Let c(v) = s*r(v) - u(v). Does 12 divide c(-12)?
True
Let s(j) = -13*j**2 + 3*j - 2. Let o be s(2). Let t = o - -124. Is 11 a factor of t?
False
Let m = 115 + 609. Does 10 divide m/8 + 7/(-14)?
True
Suppose -3*x + x - 5 = 5*p, 3*p - 3*x + 3 = 0. Let r be p*2 + 22 + 8. Suppose -6*s + 7*s = r. Is 9 a factor of s?
False
Let h be 50/(-20)*4/(-5). Suppose -2*f + 124 = h*r - 6*f, 2*f = -3*r + 178. Is 12 a factor of r?
True
Let n(v) = -4*v**2 + 0*v + 3*v**2 + v. Let l be n(1). Suppose -4*t + 100 + 40 = l. Is 15 a factor of t?
False
Let c(t) = -t**2 - 9*t + 6*t + 1 + 1 + 0. Is c(-2) a multiple of 2?
True
Let i = -149 - -328. Is i a multiple of 5?
False
Let c be 3/(25/28 + -1). Suppose -1 = -2*a - 29. Does 7 divide (-204)/c - (-4)/a?
True
Let j = -7 - -12. Suppose 5 + 47 = 2*n + 4*t, j*t = 0. Let w = -19 + n. Is 3 a factor of w?
False
Let b(q) = -q**3 + 10*q**2 - 10*q + 11. Let k be b(9). Let j = 20 - k. Does 11 divide j?
False
Let a be (-4)/2*1 - -4. Suppose a*f + 0*r - 55 = 5*r, -f + 45 = r. Is 10 a factor of f?
True
Is 1188/16*(40/6 - 4) a multiple of 18?
True
Let y(j) = -j**3 + 10*j**2 + 21*j - 4. Let i = 138 - 127. Is y(i) a multiple of 6?
False
Let s(q) be the second derivative of q**3/2 - 7*q**2/2 - q. Suppose 2*r - 5*t = 5, -6*r + 16 = -2*r - 4*t. Is 4 a factor of s(r)?
True
Let t(u) = -u**2 + 48*u - 514. Let f be t(22). Let g be 18/(1 + 1)*1. Suppose -g*m + f = -7*m. Is m a multiple of 29?
True
Let m(c) = -c**3 + 2*c**2 + 2*c + 1. Let x be m(-1). Suppose 46*y - 233 = 227. Suppose -5*p = -4*r - y, p - 3*r = -0*r + x. Does 2 divide p?
True
Let a(g) = 12*g + 9*g**2 - 5*g + 14 + 7*g**2 - 15*g**2. Is a(-6) even?
True
Let k = 35 - 23. Let n be (-1 - (-3 + 14))*(-2)/8. Is 9 a factor of (-142)/(-8) + n/k?
True
Let d = -10 + 11. Suppose -2*x + 11 = d. Suppose -x*y + 37 = 7. Does 2 divide y?
True
Suppose 5*k + 2056 = -304. Does 6 divide k/(-6) + 2/6?
False
Let m(d) = d**3 - 8*d**2 - 9*d - 1. Let s be m(9). Let c be (1 + -2 - 0) + 16. Let w = c + s. Is w a multiple of 5?
False
Let s(v) = 38*v - 6. Let u(i) = -37*i + 6. Let y(a) = 4*s(a) + 5*u(a). Let c be y(3). Does 22 divide c/6*4/(-1)?
False
Let v be ((-9)/3)/(-9) + (-7)/3. Is 25 a factor of ((-50)/4)/(1/v)?
True
Is 7 a factor of 14/(-84) + 18649/6?
True
Let j = 145 + -145. Suppose 0 = -18*o - j*o + 1674. Does 10 divide o?
False
Let z(p) = 184*p + 1. Let k be z(1). Let w = k + -63. Is 16 a factor of w?
False
Suppose -2*v - 2*v = -20. Suppose r + 103 = -5*g, 0*r = -v*g - 2*r - 101. Does 28 divide 115/4 + g/28?
True
Let h(n) = 2*n**3 + 4*n**2 - 3*n + 48. Does 26 divide h(10)?
True
Is (246/(-3 + 6))/(6/24) a multiple of 4?
True
Suppose -53*f - 17 = -52*f. Let n(t) = t**3 + 16*t**2 - 22*t - 18. Does 24 divide n(f)?
False
Let c(i) = -9*i - 9. Let g be c(3). Is 11 a factor of (-18)/g - (-21)/2?
True
Suppose 4093 = l - 5*k, -5*l - 21*k = -26*k - 20445. Is l a multiple of 92?
False
Let z = 16 - 19. Let s(u) = -u**2 + 1 + 2*u**2 + u - 4. Is s(z) a multiple of 2?
False
Suppose -12 = -173*j + 170*j. Suppose -852 = -j*t - 0*t. Is t a multiple of 34?
False
Let j(f) = 36*f - 9. Let g be j(4). Let k = g + -38. Does 31 divide k?
False
Suppose -f + 9 - 5 = 4*r, 4*f = 2*r - 20. Suppose 0 = h + 3*h + 3*n - 392, 0 = -r*h - 2*n + 196. Does 14 divide h?
True
Let v be 12/21 + 3700/(-7) + 3. Does 21 divide ((-24)/15)/(5/v)?
True
Does 24 divide (-597)/(1*9/(-18))?
False
Let t(a) = 3*a**2 - 4*a. Let b(v) = v**3 - 9*v**2 - v + 5. Let s be b(9). Let f be 2*-2*(-3)/s. Is t(f) a multiple of 19?
False
Let x(o) be the first derivative of o**4/4 - 5*o**3/3 + 3*o**2 + 2*o + 12. Let b be ((-36)/30)/((-6)/20). Does 10 divide x(b)?
True
Suppose -4*s - 184 = -q, 4*q - 232 = -5*s + 441. Let d = q - 89. Let r = 126 - d. Does 9 divide r?
False
Let o(f) be the second derivative of 1/2*f**2 + 0 + 2*f + 0*f**4 - 2/3*f**3 + 1/20*f**5. Is o(3) a multiple of 16?
True
Let v = 33 + -66. Let b = v + 93. Is 10 a factor of b?
True
Suppose -3*t + 355 = -2*v + 1120, -4*v - 2*t = -1554. Is v a multiple of 11?
False
Let q(k) = -12*k - 10. Let u(h) = -3 + 0 + h + 4. Let j(f) = q(f) + 6*u(f). Is j(-3) a multiple of 7?
True
Let j(t) = -184*t - 36. Is 25 a factor of j(-4)?
True
Let c be (-4)/(-10) + (-20)/50. Suppose 0 = -c*q + q + 5*b - 154, 2*q = -5*b + 298. Suppose h = -h + q. Is 18 a factor of h?
True
Suppose -d + 4*d - 27 = -b, -4*d + 2*b + 26 = 0. Let y = 61 - d. Let w = -31 + y. Does 11 divide w?
True
Let k(d) = d**2 + d - 1. Let u(f) = -f**3 - 2*f**2 + 8. Let i(b) = 6*k(b) + u(b). Let y(r) = 2*r + 1. Let a be y(2). Is i(a) a multiple of 4?
False
Let r(j) = -808*j - 17. Does 8 divide r(-1)?
False
Let j = -19 - -28. Let b = j + 12. Is b a multiple of 3?
True
Suppose 2*x - 3*g - 720 = -x, -2*x - 2*g = -496. Does 25 divide x?
False
Suppose 0 = 64*g - 63*g - 131. Suppose 2*p + 9*s = 4*s + 62, 3*p = 2*s + g. Does 14 divide p?
False
Suppose -2*y = 3*y - 2*k - 21, 2*y + 3*k - 16 = 0. Suppose y*o - 34 = 2*o + q, 5 = q. Is o a multiple of 8?
False
Let w be 110/(-33)*(-6)/5. Let g be w + (-1)/2*-6. Let z(i) = 2*i - 8. Is 4 a factor of z(g)?
False
Let w(a) = 151*a + 5. Does 55 divide w(3)?
False
Let j(y) be the second derivative of 0 + 4*y + 11/20*y**5 + 0*y**3 + 1/6*y**4 - 1/2*y**2. Is j(1) a multiple of 3?
True
Suppose 61 = -5*d + 36, 3465 = 5*t - 3*d. Does 12 divide t?
False
Suppose 310 = o - 2*s, -2*o - o + 880 = 4*s. Does 10 divide o?
True
Suppose 0*s = -3*s - 78. Let r = 31 + s. Suppose -2*a = -3*c + 264, r*c + a = 3*c + 169. Is 43 a factor of c?
True
Suppose 87 = -2*j - 119. Suppose 24*q + 0*q + 1344 = 0. Let b = q - j. Is b a multiple of 16?
False
Suppose 3*u = 7*u + 12. Let m = u - -82. Is 9 a factor of m?
False
Let j(f) be the second derivative of f**4/6 - f**2 + 4*f. Does 5 divide j(-4)?
True
Suppose -5*n + 8 + 12 = 0. Suppose 5*d - 188 = -2*x, d = n*x - 3 + 23. Does 12 divide d?
True
Let x(i) = 2*i + 0*i - 7 + i + 13. Is x(4) a multiple of 6?
True
Let p(v) = -v**3 - 12*v**2 - 12*v + 28. Let y be p(-13). Suppose 5*m - t - y = t, 141 = 2*m - t. Is 11 a factor of m?
False
Let a = -123 - -118. Suppose -2*w - q = 3 + 21, w + 2 = -3*q. Is (w/a)/((-1)/(-10)) a multiple of 14?
True
Let s(l) = l**3 + 4*l**2 - 3. Let j be s(-5). Suppose y = -o - 0*y - 32, -2*o + y - 76 = 0. Let x = j - o. Does 6 divide x?
False
Suppose -2*o - 3*w + 416 = 0, -w + 631 = -0*o + 3*o. Is 3 a factor of o?
False
Suppose 5*a + 0*a = 1270. Let j = a + 198. Suppose -4*w = 5*d - j, -5*w + 0*w + 279 = 3*d. Is 11 a factor of d?
True
Let v be -5 - 0 - -7 - -49. Let t be 2 - 0 - 5*5. Let y = t + v. Does 11 divide y?
False
Let d(l) be the first derivative of l**3/3 - 7*l**2/2 - 8*l + 2. Is 6 a factor of d(9)?
False
Let j(l) = 11*l**2 + 2*l. Let r be j(8). Suppose k = -3*k + r. Is 27 a factor of k?
False
Let s = 4080 + -2379. Is 27